hat is 13 - 753722?
-753707
In base 5, what is -10 - -3020001?
3014441
In base 2, what is -10100001100000000100 + -100001?
-10100001100000100101
In base 2, what is -1000101001001010000 - -111111?
-1000101001000010001
In base 14, what is 305 - 1372?
-106b
In base 11, what is -9696 + 3aa6?
-56a0
In base 9, what is 3870420 + 147?
3870567
In base 12, what is -11937a034 - 2?
-11937a036
In base 4, what is -11002 - 2200013121?
-2200030123
In base 15, what is 4475e47 + 3?
4475e4a
In base 13, what is -b - -1a8296b?
1a82960
In base 16, what is eaf + -40d1?
-3222
In base 6, what is -343 + -2411310?
-2412053
In base 10, what is 994 - -91272?
92266
In base 3, what is 1202101 - 100221212?
-22012111
In base 16, what is 2b18d3 - -3?
2b18d6
In base 8, what is 1032 + -7270?
-6236
In base 10, what is -828 + 74790?
73962
In base 4, what is 32122132 + 13112?
32201310
In base 7, what is -34663515 + 2?
-34663513
In base 15, what is 1ca420 - 20?
1ca400
In base 2, what is -10100000000010001001010 - -1100?
-10100000000010000111110
In base 7, what is 120213506 - -4?
120213513
In base 10, what is 0 + -11776573?
-11776573
In base 5, what is 14432221 - -22?
14432243
In base 15, what is 3 - 386c9bc?
-386c9b9
In base 11, what is 1 + 119930a96?
119930a97
In base 4, what is -1223 - 110010102?
-110011331
In base 13, what is -7361bc5 + 0?
-7361bc5
In base 16, what is -df93c48 - -5?
-df93c43
In base 5, what is -23331 - -2022032?
1443201
In base 15, what is -123 + -9cb24?
-9cc47
In base 12, what is 5 + 5149b729?
5149b732
In base 14, what is -2 - 1d52889b?
-1d52889d
In base 8, what is 2 - -1130113513?
1130113515
In base 14, what is -49a29546 - -5?
-49a29541
In base 6, what is 3130451522 - 1?
3130451521
In base 10, what is -1396806 + -317?
-1397123
In base 5, what is 21 - 24223313?
-24223242
In base 15, what is 145 + -3e56?
-3d11
In base 9, what is 66 + 1022537?
1022614
In base 9, what is -1186328 - 1?
-1186330
In base 4, what is -2301110 + -332332?
-3300102
In base 15, what is -a554 - 101?
-a655
In base 13, what is 12 + acc016?
acc028
In base 13, what is -a0262 + -21?
-a0283
In base 4, what is -22012203 + -222?
-22013031
In base 2, what is -10111000111111110100101100 - -1?
-10111000111111110100101011
In base 4, what is 1 - -102112203231?
102112203232
In base 9, what is 3 + -76057173?
-76057170
In base 12, what is 18 + -11471782?
-11471766
In base 5, what is -200001433 + -34?
-200002022
In base 5, what is -2 - 1032244242?
-1032244244
In base 9, what is 2 + 14871651?
14871653
In base 6, what is -153023544 + 0?
-153023544
In base 2, what is 11010100000110010 - 110100111?
11010011010001011
In base 5, what is 0 + -1122201120?
-1122201120
In base 6, what is -514044255 - -1?
-514044254
In base 5, what is 0 - 1040223443?
-1040223443
In base 12, what is a2b + -67918?
-66aa9
In base 12, what is -2 - 1937018?
-193701a
In base 2, what is -1000011000000 - -1011111?
-1000001100001
In base 4, what is 100033301 - -202?
100100103
In base 14, what is 155 - -698a6?
69a1b
In base 13, what is 5 - -1154061?
1154066
In base 9, what is 16705248 + 3?
16705252
In base 7, what is -1220560 + -145?
-1221035
In base 3, what is -1001 - 120210112011102?
-120210112012110
In base 13, what is -183c95453 + -2?
-183c95455
In base 15, what is -171e3d + -5?
-171e43
In base 13, what is -9cb5 + 6b62?
-3153
In base 4, what is 311 - 1300133131?
-1300132220
In base 13, what is -6 - -208203?
2081ca
In base 11, what is -336003 + -69?
-336071
In base 5, what is -1131 - -32034144?
32033013
In base 7, what is -43120 - -60432?
14312
In base 10, what is 0 + 13315645?
13315645
In base 8, what is -62462622 + -5?
-62462627
In base 3, what is -100120221011220 + -221?
-100120221012211
In base 11, what is -15 - 39689a72?
-39689a87
In base 14, what is -8 + -b3bb?
-b3c5
In base 11, what is -3 + 107698a?
1076987
In base 6, what is 122443 - 35032?
43411
In base 12, what is 0 - 96806095?
-96806095
In base 2, what is -11100 - 11110001011110101011110?
-11110001011110101111010
In base 15, what is -341050 + -4?
-341054
In base 5, what is 14 + -31044432?
-31044413
In base 15, what is -3 - -8a0a75?
8a0a72
In base 2, what is -11110010010 - -110111110010111111?
110111010100101101
In base 10, what is -117205 + -3523?
-120728
In base 2, what is 1000101101 - -10110111101000?
11000000010101
In base 15, what is -14b4 - -48a5?
33e1
In base 5, what is -224244 - 22343?
-302142
In base 13, what is 3 + 92bca94?
92bca97
In base 6, what is -110214052 + -3?
-110214055
In base 3, what is -2111001120222220 + 11?
-2111001120222202
In base 16, what is 25b0 + 18c?
273c
In base 15, what is 54693d + 1?
54693e
In base 8, what is -1163412 - 156?
-1163570
In base 16, what is 123 + -300c?
-2ee9
In base 6, what is 102352 - -1151?
103543
In base 5, what is -12213 - 40024111?
-40041324
In base 10, what is -30 + -1196748?
-1196778
In base 2, what is 10100011100011 + -101110110?
10011101101101
In base 13, what is -23 + -53461?
-53484
In base 2, what is -11111001010010101111 + 1000000?
-11111001010001101111
In base 8, what is 0 - 12215555?
-12215555
In base 13, what is -37b - -19b698?
19b31a
In base 6, what is 201333135 - -544?
201334123
In base 8, what is -2 - -21511314?
21511312
In base 10, what is -6182 + -3663?
-9845
In base 7, what is -25043 - -6215?
-15525
In base 10, what is 291574830 + 0?
291574830
In base 14, what is -3 + dcd80c?
dcd809
In base 15, what is -2 - -121329?
121327
In base 3, what is -1001 + 210001110?
210000102
In base 16, what is -a4 + 480c8?
48024
In base 2, what is 10100010 + -10110001111101111001?
-10110001111011010111
In base 16, what is -167 + -46a296?
-46a3fd
In base 9, what is 7276 + -3116?
4160
In base 11, what is -4a8a14608 - 2?
-4a8a1460a
In base 5, what is -23034000304 + 21?
-23034000233
In base 12, what is 94b15 + 534?
95449
In base 10, what is -677 + 18855?
18178
In base 11, what is -47 - 82464?
-82500
In base 4, what is 10112323213 - -21?
10112323300
In base 12, what is 129b6866 - 1?
129b6865
In base 6, what is 15532 - 32332?
-12400
In base 8, what is -6353 - -46600?
40225
In base 2, what is -1000 - 1010111100100010011100?
-1010111100100010100100
In base 4, what is -33302212012 + 20?
-33302211332
In base 13, what is 3a2427b2 - 0?
3a2427b2
In base 11, what is -7686a4 - 1?
-7686a5
In base 10, what is 53 + -1756234?
-1756181
In base 16, what is 4e - 6959d?
-6954f
In base 16, what is -2a2c3 - -f7?
-2a1cc
In base 8, what is 552341 + -337?
552002
In base 5, what is -21341311 - -444?
-21340312
In base 16, what is -12cf0f74 - -2?
-12cf0f72
In base 12, what is -3806756 - -61?
-38066b5
In base 4, what is -230 + -21232331233?
-21232332123
In base 4, what is -1110 - -1131102113?
1131101003
In base 9, what is 101751 + -5766?
84874
In base 3, what is 2 + 11010102221210001?
11010102221210010
In base 12, what is 239782 - -6a0?
23a262
In base 9, what is 353507022 - 5?
353507016
In base 16, what is 27a + -cee5?
-cc6b
In base 16, what is -8a6 - 536?
-ddc
In base 12, what is -b061ba7 + 1?
-b061ba6
In base 14, what is 13 + -8933b8?
-8933a5
In base 11, what is 1 - -1375510?
1375511
In base 12, what is -35a1aa - -12?
-35a198
In base 5, what is -403031411 - -2410?
-403024001
In base 9, what is 54 - 15240438?
-15240374
In base 8, what is 134771 + -315?
134454
In base 13, what is 4 - 4bc449c?
-4bc4498
In base 2, what is -10011000111011001011 + 111111?
-10011000111010001100
In base 13, what is 5 + -27c4071?
-27c4069
In base 12, what is -1893 - -4403?
2730
In base 10, what is 1213544 + -8?
1213536
In base 6, what is 12 - 2554215411?
-2554215355
In base 8, what is 362612 + -104?
362506
In base 8, what is -37256006 + -113?
-37256121
In base 10, what is -5917 - 49603?
-55520
In base 10, what is 14465 + -4484?
9981
In base 15, what is 212 + 95879?
95a8b
In base 16, what is 7 - -dc0f?
dc16
In base 5, what is -344222 + -1310?
-401032
In base 5, what is -24221404 + -44211?
-24321120
In base 12, what is -23 - 119a707?
-119a72a
In base 9, what is -5665 - 50?
-5725
In base 15, what is -d1 + -d71e?
-d800
In base 11, what is -3 + -58781412?
-58781415
In base 14, what is 10 + c4cab6?
c4cac6
In base 3, what is 2021 - -1011211112?
1011220210
In base 13, what is 5b - -12763?
127c1
In base 14, what is -42ca + 187a?
-2850
In base 9, what is -883730 + -1031?
-884761
In base 5, what is